 n(v) = 15*v + 3. Let b(z) = 3*n(z) - 5*p(z). What is the units digit of b(2)?
9
What is the units digit of (-2)/3*(10 + -13)?
2
Let p(k) = -k**3 - 8*k**2 - 9*k + 5. Let z be p(-7). Suppose -z = -5*i + 41. What is the tens digit of i?
1
Let y(s) = 3*s. What is the units digit of y(5)?
5
Let j = 183 + -174. What is the units digit of j?
9
Let m(r) = -r**3 - 9*r**2 + 9*r - 7. Let g be m(-10). Let j = -9 + 18. Let k = j - g. What is the units digit of k?
6
Let o(n) be the first derivative of n**4/4 - 4*n**3/3 + n**2 - 4*n + 6. What is the units digit of o(5)?
1
Let h(a) = a**3 + 6*a**2 - 7*a + 6. Let o be h(-7). What is the tens digit of (-262)/(-6) - o/9?
4
Suppose 2*d + 27 = 229. Let k = -69 + d. What is the units digit of k?
2
What is the units digit of ((152/6)/(-2))/(2/(-15))?
5
Let x(l) = -l**2 + 6*l - 4. Let s = -4 + 8. What is the units digit of x(s)?
4
Let w = 4 + 45. What is the tens digit of w?
4
What is the tens digit of (2/4)/((20/(-4))/(-290))?
2
Let t be 58/(-8) + 2/8. Let z be ((-8)/(-5))/((-5)/(-25)). Let n = t + z. What is the units digit of n?
1
Let l be 1 + 22/(-5 + 3). Let v(y) = -y**3 - 9*y**2 + 9*y + 1. Let d be v(l). Let n = d + -6. What is the units digit of n?
5
Let q = 4 + 2. Suppose -4*b + q = 5*r, -2*r + 4*b + 5 + 3 = 0. Suppose -p + r*p - 7 = 0. What is the units digit of p?
7
What is the units digit of -4 + -1 + (-4609)/(-11)?
4
What is the units digit of (-10)/(-1) - 8/(-4)?
2
Let w(p) = -p**2 - 6*p + 6. Let b be w(-7). What is the tens digit of (54 - (3 + b))/2?
2
Let j = 130 + -73. What is the tens digit of j?
5
Let l = 56 - 30. Suppose -3*i - 3*u = -2*i - l, 4*u - 64 = -4*i. What is the units digit of i?
1
Suppose -2*p - 24 = -90. Suppose 0 = d - 4*d + p. What is the tens digit of d?
1
Let r(k) = 8 - k + k**2 + 0*k**2 - 6*k. Let l be ((-2)/2)/(16/(-112)). What is the units digit of r(l)?
8
Suppose 0*n + 3*n = 3. Let y(m) = -7*m**3 - 2*m**2 + 2*m - 1. Let k be y(n). Let g = k + 14. What is the units digit of g?
6
Let r(m) = m**3 + 6*m**2 + 5*m + 3. Let v(l) = 12*l**2. Let q be v(-1). Let i = q - 17. What is the units digit of r(i)?
3
What is the units digit of -16*(0 - 6/8)?
2
Suppose 2*k - 4*k + 359 = 5*n, -5*n - k = -357. What is the units digit of n?
1
Let v(t) = -4*t - t + 9 + t**3 - 6*t**2 - 3*t. Suppose 25 = 4*x + 3*u - 0*u, 0 = u + 1. What is the units digit of v(x)?
2
Let k be (-2)/8 + (-105)/(-4). Let p = 50 - k. What is the units digit of p?
4
Suppose -2*y + 599 = -3*x, 4*y + 10*x - 5*x = 1231. What is the tens digit of y?
0
Let y be (-13)/(-4) + 3/(-12). Suppose 2 = y*d - 7. What is the units digit of d?
3
Suppose -13 + 3 = -r. Suppose r = 3*g - 2. Let h = g - 3. What is the units digit of h?
1
Suppose 0 = x - 2*x. Let i be x/((-3)/(-3) - 0). Suppose c = -i*c + 10. What is the tens digit of c?
1
Let z(l) = -l + 4. Let n(k) = -k + 9. Let c(d) = 2*n(d) - 5*z(d). Let v be (-38)/(-6) + (-4)/(-6). What is the tens digit of c(v)?
1
Suppose 0*x - 150 = -3*x. What is the tens digit of x?
5
Suppose -2*p = -3*p - 1. Let h = 3 + p. What is the units digit of h + (-1 + -1)*-6?
4
What is the tens digit of (-4 + -154)/(4 - 5)?
5
Let g(f) = -15*f - 24. What is the tens digit of g(-21)?
9
Suppose -35 = -a + 6. What is the tens digit of a?
4
Suppose 9*l - 16 - 20 = 0. What is the units digit of l?
4
Let s(n) = -8*n + 1. Let r = -4 - -3. What is the units digit of s(r)?
9
Let n(d) = 3*d - 19. Let r be n(-9). Let a = 100 + r. What is the tens digit of a?
5
Let b(w) = w**2 + 2*w - 3. Let v be b(-4). Suppose 4*f + 2*z - 83 = -17, -83 = -v*f - 3*z. What is the tens digit of f?
1
Suppose -7*w = -3*w - 208. What is the tens digit of w?
5
Let d = 0 - -8. What is the units digit of d?
8
Let h(y) = 2*y**2 - 4*y - 4. Let r be ((-1)/(-2) - 0)*10. What is the tens digit of h(r)?
2
Let m = 1 - -3. Let z = 3 - 1. Suppose 4*c + 0 + m = 0, c = -r + z. What is the units digit of r?
3
Let c = 2 + 8. Let k = 8 + -8. Suppose -5*l - c = k, -4*z + 25 + 45 = 3*l. What is the units digit of z?
9
Suppose 0 = -2*x + 3*x. Suppose 4*d + 28 = 6*d. Suppose -3*j + 14 = -x*j - m, 4*m - d = -2*j. What is the units digit of j?
5
Let v(w) = -w**2 - 17*w + 33. What is the tens digit of v(-16)?
4
Suppose 2*h + 51 = 5*u - 10*u, 3*u + 24 = h. Let c = -15 - -21. Let t = c - u. What is the units digit of t?
5
Let f(a) = 4*a**2 - 6*a - 1. Let t be f(5). Let i = t + -48. What is the units digit of i?
1
Let i = 9 + -8. What is the units digit of i?
1
Let b(k) = 4*k**2 - 4*k + 5. What is the tens digit of b(3)?
2
Suppose 0 = -2*r - 3*r + 250. Let k = -27 + r. What is the tens digit of k?
2
What is the units digit of 5/(-30)*-3 + (-659)/(-2)?
0
Let k = 1 - -3. Suppose -k*c - c = -35. What is the units digit of c?
7
Let j be (2 - 4 - -3)*-36. What is the units digit of (j/24)/(6/(-8))?
2
Suppose 0*f = -f + 5. Let h = f + -4. What is the units digit of h?
1
Suppose 5*b - 6 = 2*k, 5*k - 4*k - 5*b = -3. What is the units digit of -24*((-10)/(-8) + k)?
2
Let p = 15 - 16. Let g = p + 2. What is the units digit of g?
1
Let h(n) = n**3 - 5*n**2 + 3*n + 3. Let l be h(5). Suppose 5*r - 2*b - 2*b + 52 = 0, -1 = 2*r + 5*b. Let d = l + r. What is the units digit of d?
0
Let k = 218 + -47. What is the units digit of k?
1
Let i(h) = h**3 + 4*h**2 - 5*h. What is the tens digit of i(3)?
4
Suppose 2*n - 3*n = -21. What is the units digit of n?
1
What is the tens digit of 8/6*(-4 - -28)?
3
Let c be (-1 - -17) + 1 + -2. Suppose 2*t = -5*n - 3*t, c = -n - 4*t. Suppose -n*y = -y - 20. What is the units digit of y?
5
Let q(t) = t**3 - 6*t**2 + 5*t - 5. Let c be q(6). Suppose 0*u + c = u - v, 0 = -u - 5*v - 5. What is the units digit of u?
0
Let b = 3 + 8. Suppose 0*s + b = s. What is the units digit of s?
1
Suppose 193 = 2*h - 5*v, 3*h - 242 = v - 3*v. What is the tens digit of h?
8
Suppose l = 5*w + 34, 0 = 5*l + w - 5*w - 65. What is the units digit of (2 - 3) + l/1?
8
Suppose 3 = -d + 33. What is the tens digit of d?
3
What is the tens digit of (-21)/(-9)*3*15?
0
Let s = 58 + -6. Let b be (34*-1)/(1 + 0). Let i = b + s. What is the units digit of i?
8
Suppose -3*p + 8*p - 75 = 0. Suppose 6*u = u - p. Let b = u - -10. What is the units digit of b?
7
Suppose 0 = -v - 2, 0 = -3*m - 4*v + 31 - 12. Let b(r) = -r**2 + 11*r - 3. What is the units digit of b(m)?
5
Suppose 0 = -h - h. Let u = h - -18. What is the tens digit of u?
1
What is the units digit of 9/27 - 107/(-3)?
6
Suppose -5*l + 2 = -4*l. Suppose i = 2*n - 4*i - 39, l*n + 2*i = 4. What is the units digit of n?
7
Let j(c) = 3*c**2 + 2*c - 12. Let n(p) = -p**2 + 1. Let t(w) = -j(w) - 4*n(w). What is the units digit of t(6)?
2
Let d(k) = 3*k**2 - k - 1. Let w(i) = 7*i**2 - i - 3. Let a = -19 + 28. Let s(z) = a*d(z) - 4*w(z). What is the units digit of s(-5)?
3
Suppose -5*h - 3*z + 1258 = -h, -5*h + z + 1582 = 0. What is the units digit of h?
6
What is the tens digit of (18/(-8))/((-1)/12)?
2
Let w = -3 - -4. Let d = -3 + w. What is the units digit of 0 + 0 + (7 - d)?
9
Let g(x) = x + 7. Let w be g(-5). Suppose 3*i - w*i + 21 = 0. What is the units digit of 6/i + 72/7?
0
Suppose 2*n - 4 = -2. Let l(k) = -3 + k - n - 4*k. What is the tens digit of l(-5)?
1
Suppose 4*t = t. Suppose t = g + 3*g - 200. What is the units digit of g?
0
Let q(u) = -u + 12. Let f be q(8). Let a = 11 - f. Suppose -r - a = -y, -7 = 5*y + r - 66. What is the units digit of y?
1
Suppose 3*x - 131 = -4*p, -4*p - x + 126 = x. Suppose 3*g - 16 = p. What is the units digit of g?
5
Let u = 2 + -2. Suppose 3*i - 44 = i - 2*x, 3*i - 4*x - 38 = u. What is the units digit of i?
8
Suppose s = -s + 18. Let c = s - 9. Suppose 64 = 4*m - 2*w, 0 = -2*w - c - 8. What is the tens digit of m?
1
Suppose 0 = -v + 4*c - 3*c + 4, 0 = 5*c. Suppose -v*g + 46 = -46. What is the units digit of g?
3
Let s = 315 - 203. What is the hundreds digit of s?
1
Suppose -13 = -2*f - 3. Suppose f*y = v + 43, -2*v + 23 = 4*y + v. What is the units digit of y?
8
Suppose 5*d - q + 44 = 180, -d = 4*q - 44. Suppose 2*b + 28 = 5*r, 4*b - d = -0*r - 4*r. What is the units digit of r?
6
Let k(n) = n**2 + 7*n - 4. Let s(o) = -9*o + 37 - 37. Let y be s(1). What is the units digit of k(y)?
4
Suppose -3*c + 9 = 0, -2*s = s - c - 171. What is the tens digit of s?
5
Suppose 3*x + 4*u = 2*x + 19, -4*x - 5*u +